{"id":4090,"date":"2022-03-09T13:21:26","date_gmt":"2022-03-09T12:21:26","guid":{"rendered":"https:\/\/congresomasculinidades2.umh.es\/?page_id=4090"},"modified":"2022-04-06T08:24:00","modified_gmt":"2022-04-06T06:24:00","slug":"objetivos","status":"publish","type":"page","link":"https:\/\/congresomasculinidades2.umh.es\/ca\/objetivos\/","title":{"rendered":"OBJECTIUS"},"content":{"rendered":"<p>[et_pb_section fb_built=&#8221;1&#8243; _builder_version=&#8221;4.2.2&#8243; background_color=&#8221;#000000&#8243; custom_padding=&#8221;0px||0px|||&#8221;][et_pb_row _builder_version=&#8221;4.2.2&#8243;][et_pb_column type=&#8221;4_4&#8243; _builder_version=&#8221;4.2.2&#8243;][et_pb_image src=&#8221;https:\/\/congresomasculinidades2.umh.es\/files\/2022\/03\/II-cabecera-val.png&#8221; alt=&#8221;Segundo Congreso Internacional Sobre Masculinidades e Igualdad Educaci\u00f3n para la igualdad y Co(Educaci\u00f3n)&#8221; _builder_version=&#8221;4.2.2&#8243; hover_enabled=&#8221;0&#8243; url=&#8221;https:\/\/congresomasculinidades2.umh.es\/ca\/&#8221;][\/et_pb_image][\/et_pb_column][\/et_pb_row][\/et_pb_section][et_pb_section fb_built=&#8221;1&#8243; fullwidth=&#8221;on&#8221; _builder_version=&#8221;4.2.2&#8243;][et_pb_fullwidth_menu menu_id=&#8221;7135&#8243; fullwidth_menu=&#8221;off&#8221; active_link_color=&#8221;#E76996&#8243; _builder_version=&#8221;4.2.2&#8243; menu_font=&#8221;|700||on|||||&#8221; menu_text_color=&#8221;#FFFFFF&#8221; menu_font_size=&#8221;14pt&#8221; background_color=&#8221;#3A3B3D&#8221; text_orientation=&#8221;center&#8221; border_color_all=&#8221;#E02B20&#8243; border_width_all__hover_enabled=&#8221;off|hover&#8221; menu_text_color__hover_enabled=&#8221;on|hover&#8221; menu_text_color__hover=&#8221;#E76996&#8243;][\/et_pb_fullwidth_menu][\/et_pb_section][et_pb_section fb_built=&#8221;1&#8243; _builder_version=&#8221;3.22&#8243;][et_pb_row _builder_version=&#8221;3.25&#8243; background_size=&#8221;initial&#8221; background_position=&#8221;top_left&#8221; background_repeat=&#8221;repeat&#8221;][et_pb_column type=&#8221;4_4&#8243; _builder_version=&#8221;3.25&#8243; custom_padding=&#8221;|||&#8221; custom_padding__hover=&#8221;|||&#8221;][et_pb_text _builder_version=&#8221;4.2.2&#8243; background_size=&#8221;initial&#8221; background_position=&#8221;top_left&#8221; background_repeat=&#8221;repeat&#8221; custom_margin=&#8221;||-17px|||&#8221; custom_padding=&#8221;||0px|0px||&#8221;]<\/p>\n<h1 style=\"color: #324c20; text-align: center;\"><span style=\"color: #000000;\"><b>OBJECTIUS:<\/b><\/span><\/h1>\n<p>&nbsp;[\/et_pb_text][et_pb_divider show_divider=&#8221;off&#8221; _builder_version=&#8221;4.2.2&#8243;][\/et_pb_divider][et_pb_text _builder_version=&#8221;4.2.2&#8243; text_font_size=&#8221;16px&#8221; background_size=&#8221;initial&#8221; background_position=&#8221;top_left&#8221; background_repeat=&#8221;repeat&#8221; custom_padding=&#8221;|||30px||&#8221;]<\/p>\n<ul style=\"text-align: justify;\">\n<li style=\"font-weight: 400; text-align: justify;\"><span style=\"font-weight: 400; color: #000000;\">Analitzar la import\u00e0ncia d&#8217;educar en igualtat de g\u00e8nere i valors feministes els xiquets, adolescents, joves i adults homes per prevenir comportaments violents (contra xiquetes i dones, contra altres xiquets i homes, i contra ells mateixos), conductes de risc que es produeixen i perpetuen per la socialitzaci\u00f3 sexista-masclista i els mandats de g\u00e8nere mascul\u00ed hegem\u00f2nics que existeixen encara avui dia.<\/span><\/li>\n<li style=\"font-weight: 400; text-align: justify;\"><span style=\"font-weight: 400; color: #000000;\">Interpel\u00b7lar els diversos agents socialitzadors com ara els mitjans de comunicaci\u00f3, a introduir la perspectiva de g\u00e8nere i la mirada feminista i enfocar-se a incorporar els homes a la lluita per la igualtat i a presentar referents de masculinitats proigualit\u00e0ries.<\/span><\/li>\n<li style=\"font-weight: 400; text-align: justify;\"><span style=\"font-weight: 400; color: #000000;\">Donar a con\u00e8ixer propostes i eines coeducatives per implementar el treball amb xiquets, nois i adults en pro de la consecuci\u00f3 de la igualtat efectiva.<\/span><\/li>\n<li style=\"font-weight: 400; text-align: justify;\"><span style=\"font-weight: 400; color: #000000;\">Connectar i impulsar la recerca en masculinitats que produ\u00efsca resultats aplicables socioeducativament a fi d&#8217;aconseguir unes masculinitats igualit\u00e0ries com a estrat\u00e8gia de transformaci\u00f3 social.<\/span><\/li>\n<li style=\"font-weight: 400; text-align: justify;\"><span style=\"font-weight: 400; color: #000000;\">Con\u00e8ixer els enfocaments, projectes, estudis te\u00f2rics, treballs emp\u00edrics i publicacions m\u00e9s actuals en l&#8217;\u00e0mbit acad\u00e8mic i professional educatiu que tracten la q\u00fcesti\u00f3 masculina i la coeducaci\u00f3.<\/span><\/li>\n<li style=\"font-weight: 400; text-align: justify;\"><span style=\"font-weight: 400; color: #000000;\">Ofrecer propuestas interseccionales de trabajo coeducativo que faciliten la deconstrucci\u00f3n de la masculinidad patriarcal, violenta, competitiva, con esas caracter\u00edsticas m\u00e1s nocivas y t\u00f3xicas de la identidad de los hombres a\u00fan dominante del modelo tradicional que invite a transitar hacia otros modelos profeministas y respetuosos con las diversidades sociales.Oferir propostes interseccionals de treball coeducatiu que faciliten la desconstrucci\u00f3 de la masculinitat patriarcal, violenta, competitiva, amb aquestes caracter\u00edstiques m\u00e9s nocives i t\u00f2xiques de la identitat dels homes encara dominant del model tradicional que convide a transitar cap a altres models profeministes i respectuosos amb les diversitats socials.<\/span><\/li>\n<li style=\"font-weight: 400; text-align: justify;\"><span style=\"font-weight: 400; color: #000000;\">Facilitar el professorat, les persones responsables als centres educatius dels temes d\u201figualtat i els equips directius de centres educatius, estrat\u00e8gies, propostes i bones pr\u00e0ctiques d\u201fexperi\u00e8ncies per incorporar transversalment la q\u00fcesti\u00f3 de les masculinitats igualit\u00e0ries a la programaci\u00f3 de centre, la doc\u00e8ncia, el Pla d\u2019acci\u00f3 tutorial i el consell escolar.<\/span><\/li>\n<li style=\"font-weight: 400; text-align: justify;\"><span style=\"font-weight: 400; color: #000000;\">Involucrar i formar els agents de la comunitat educativa en els seus diversos nivells, sobre la necessitat i la import\u00e0ncia del treball coeducatiu enfocat als xiquets, adolescents i joves homes en la consecuci\u00f3 de la igualtat entre g\u00e8neres.<\/span><\/li>\n<li style=\"font-weight: 400; text-align: justify;\"><span style=\"font-weight: 400; color: #000000;\">Aportar materials, eines i processos coeducatius centrats en la q\u00fcesti\u00f3 masculina, amb perspectiva de g\u00e8nere per a les aules, les fam\u00edlies, els mitjans de comunicaci\u00f3 i la societat en general, que permeten educar els homes de manera no masclista, no patriarcal, no androc\u00e8ntrica, i igualit\u00e0ria.<\/span><\/li>\n<li style=\"font-weight: 400; text-align: justify;\"><span style=\"font-weight: 400; color: #000000;\">Afavorir la creaci\u00f3 de xarxes interuniversit\u00e0ries, intercentres i interinstitucionals d&#8217;estudis de coeducaci\u00f3 en masculinitats proigualit\u00e0ries a nivell estatal i internacional.<\/span><\/li>\n<\/ul>\n<p style=\"text-align: justify;\">[\/et_pb_text][\/et_pb_column][\/et_pb_row][\/et_pb_section][et_pb_section fb_built=&#8221;1&#8243; _builder_version=&#8221;4.2.2&#8243;][et_pb_row _builder_version=&#8221;4.2.2&#8243;][et_pb_column type=&#8221;4_4&#8243; _builder_version=&#8221;4.2.2&#8243;][\/et_pb_column][\/et_pb_row][\/et_pb_section]<\/p>\n","protected":false},"excerpt":{"rendered":"<p>OBJECTIUS: &nbsp; Analitzar la import\u00e0ncia d&#8217;educar en igualtat de g\u00e8nere i valors feministes els xiquets, adolescents, joves i adults homes per prevenir comportaments violents (contra xiquetes i dones, contra altres xiquets i homes, i contra ells mateixos), conductes de risc que es produeixen i perpetuen per la socialitzaci\u00f3 sexista-masclista i els mandats de g\u00e8nere mascul\u00ed [&hellip;]<\/p>\n","protected":false},"author":3158,"featured_media":0,"parent":0,"menu_order":2,"comment_status":"closed","ping_status":"closed","template":"","meta":{"_et_pb_use_builder":"on","_et_pb_old_content":"","_et_gb_content_width":"","_links_to":"","_links_to_target":""},"yoast_head":"<!-- This site is optimized with the Yoast SEO plugin v17.5 - https:\/\/yoast.com\/wordpress\/plugins\/seo\/ -->\n<title>OBJECTIUS - CIMASCIGUAL II<\/title>\n<meta name=\"robots\" content=\"index, follow, max-snippet:-1, max-image-preview:large, max-video-preview:-1\" \/>\n<link rel=\"canonical\" href=\"https:\/\/congresomasculinidades2.umh.es\/ca\/objetivos\/\" \/>\n<meta property=\"og:locale\" content=\"ca_ES\" \/>\n<meta property=\"og:type\" content=\"article\" \/>\n<meta property=\"og:title\" content=\"OBJECTIUS - CIMASCIGUAL II\" \/>\n<meta property=\"og:description\" content=\"OBJECTIUS: &nbsp; Analitzar la import\u00e0ncia d&#039;educar en igualtat de g\u00e8nere i valors feministes els xiquets, adolescents, joves i adults homes per prevenir comportaments violents (contra xiquetes i dones, contra altres xiquets i homes, i contra ells mateixos), conductes de risc que es produeixen i perpetuen per la socialitzaci\u00f3 sexista-masclista i els mandats de g\u00e8nere mascul\u00ed [&hellip;]\" \/>\n<meta property=\"og:url\" content=\"https:\/\/congresomasculinidades2.umh.es\/ca\/objetivos\/\" \/>\n<meta property=\"og:site_name\" content=\"CIMASCIGUAL II\" \/>\n<meta property=\"article:modified_time\" content=\"2022-04-06T06:24:00+00:00\" \/>\n<meta name=\"twitter:card\" content=\"summary_large_image\" \/>\n<meta name=\"twitter:label1\" content=\"Temps estimat de lectura\" \/>\n\t<meta name=\"twitter:data1\" content=\"4 minuts\" \/>\n<script type=\"application\/ld+json\" class=\"yoast-schema-graph\">{\"@context\":\"https:\/\/schema.org\",\"@graph\":[{\"@type\":\"WebSite\",\"@id\":\"https:\/\/congresomasculinidades2.umh.es\/#website\",\"url\":\"https:\/\/congresomasculinidades2.umh.es\/\",\"name\":\"CIMASCIGUAL II\",\"description\":\"Universidad Miguel Hern\\u00e1ndez de Elche\",\"potentialAction\":[{\"@type\":\"SearchAction\",\"target\":{\"@type\":\"EntryPoint\",\"urlTemplate\":\"https:\/\/congresomasculinidades2.umh.es\/?s={search_term_string}\"},\"query-input\":\"required name=search_term_string\"}],\"inLanguage\":\"ca\"},{\"@type\":\"WebPage\",\"@id\":\"https:\/\/congresomasculinidades2.umh.es\/ca\/objetivos\/#webpage\",\"url\":\"https:\/\/congresomasculinidades2.umh.es\/ca\/objetivos\/\",\"name\":\"OBJECTIUS - CIMASCIGUAL II\",\"isPartOf\":{\"@id\":\"https:\/\/congresomasculinidades2.umh.es\/#website\"},\"datePublished\":\"2022-03-09T12:21:26+00:00\",\"dateModified\":\"2022-04-06T06:24:00+00:00\",\"breadcrumb\":{\"@id\":\"https:\/\/congresomasculinidades2.umh.es\/ca\/objetivos\/#breadcrumb\"},\"inLanguage\":\"ca\",\"potentialAction\":[{\"@type\":\"ReadAction\",\"target\":[\"https:\/\/congresomasculinidades2.umh.es\/ca\/objetivos\/\"]}]},{\"@type\":\"BreadcrumbList\",\"@id\":\"https:\/\/congresomasculinidades2.umh.es\/ca\/objetivos\/#breadcrumb\",\"itemListElement\":[{\"@type\":\"ListItem\",\"position\":1,\"name\":\"Portada\",\"item\":\"https:\/\/congresomasculinidades2.umh.es\/ca\/\"},{\"@type\":\"ListItem\",\"position\":2,\"name\":\"OBJECTIUS\"}]}]}<\/script>\n<!-- \/ Yoast SEO plugin. -->","yoast_head_json":{"title":"OBJECTIUS - CIMASCIGUAL II","robots":{"index":"index","follow":"follow","max-snippet":"max-snippet:-1","max-image-preview":"max-image-preview:large","max-video-preview":"max-video-preview:-1"},"canonical":"https:\/\/congresomasculinidades2.umh.es\/ca\/objetivos\/","og_locale":"ca_ES","og_type":"article","og_title":"OBJECTIUS - CIMASCIGUAL II","og_description":"OBJECTIUS: &nbsp; Analitzar la import\u00e0ncia d'educar en igualtat de g\u00e8nere i valors feministes els xiquets, adolescents, joves i adults homes per prevenir comportaments violents (contra xiquetes i dones, contra altres xiquets i homes, i contra ells mateixos), conductes de risc que es produeixen i perpetuen per la socialitzaci\u00f3 sexista-masclista i els mandats de g\u00e8nere mascul\u00ed [&hellip;]","og_url":"https:\/\/congresomasculinidades2.umh.es\/ca\/objetivos\/","og_site_name":"CIMASCIGUAL II","article_modified_time":"2022-04-06T06:24:00+00:00","twitter_card":"summary_large_image","twitter_misc":{"Temps estimat de lectura":"4 minuts"},"schema":{"@context":"https:\/\/schema.org","@graph":[{"@type":"WebSite","@id":"https:\/\/congresomasculinidades2.umh.es\/#website","url":"https:\/\/congresomasculinidades2.umh.es\/","name":"CIMASCIGUAL II","description":"Universidad Miguel Hern\u00e1ndez de Elche","potentialAction":[{"@type":"SearchAction","target":{"@type":"EntryPoint","urlTemplate":"https:\/\/congresomasculinidades2.umh.es\/?s={search_term_string}"},"query-input":"required name=search_term_string"}],"inLanguage":"ca"},{"@type":"WebPage","@id":"https:\/\/congresomasculinidades2.umh.es\/ca\/objetivos\/#webpage","url":"https:\/\/congresomasculinidades2.umh.es\/ca\/objetivos\/","name":"OBJECTIUS - CIMASCIGUAL II","isPartOf":{"@id":"https:\/\/congresomasculinidades2.umh.es\/#website"},"datePublished":"2022-03-09T12:21:26+00:00","dateModified":"2022-04-06T06:24:00+00:00","breadcrumb":{"@id":"https:\/\/congresomasculinidades2.umh.es\/ca\/objetivos\/#breadcrumb"},"inLanguage":"ca","potentialAction":[{"@type":"ReadAction","target":["https:\/\/congresomasculinidades2.umh.es\/ca\/objetivos\/"]}]},{"@type":"BreadcrumbList","@id":"https:\/\/congresomasculinidades2.umh.es\/ca\/objetivos\/#breadcrumb","itemListElement":[{"@type":"ListItem","position":1,"name":"Portada","item":"https:\/\/congresomasculinidades2.umh.es\/ca\/"},{"@type":"ListItem","position":2,"name":"OBJECTIUS"}]}]}},"_links":{"self":[{"href":"https:\/\/congresomasculinidades2.umh.es\/ca\/wp-json\/wp\/v2\/pages\/4090"}],"collection":[{"href":"https:\/\/congresomasculinidades2.umh.es\/ca\/wp-json\/wp\/v2\/pages"}],"about":[{"href":"https:\/\/congresomasculinidades2.umh.es\/ca\/wp-json\/wp\/v2\/types\/page"}],"author":[{"embeddable":true,"href":"https:\/\/congresomasculinidades2.umh.es\/ca\/wp-json\/wp\/v2\/users\/3158"}],"replies":[{"embeddable":true,"href":"https:\/\/congresomasculinidades2.umh.es\/ca\/wp-json\/wp\/v2\/comments?post=4090"}],"version-history":[{"count":0,"href":"https:\/\/congresomasculinidades2.umh.es\/ca\/wp-json\/wp\/v2\/pages\/4090\/revisions"}],"wp:attachment":[{"href":"https:\/\/congresomasculinidades2.umh.es\/ca\/wp-json\/wp\/v2\/media?parent=4090"}],"curies":[{"name":"wp","href":"https:\/\/api.w.org\/{rel}","templated":true}]}}

<p>[et_pb_section fb_built=&#8221;1&#8243; _builder_version=&#8221;4.2.2&#8243; background_color=&#8221;#000000&#8243; custom_padding=&#8221;0px||0px|||&#8221;][et_pb_row _builder_version=&#8221;4.2.2&#8243;][et_pb_column type=&#8221;4_4&#8243; _builder_version=&#8221;4.2.2&#8243;][et_pb_image src=&#8221;https://congresomasculinidades2.umh.es/files/2022/03/II-cabecera-val.png&#8221; alt=&#8221;Segundo Congreso Internacional Sobre Masculinidades e Igualdad Educación para la igualdad y Co(Educación)&#8221; _builder_version=&#8221;4.2.2&#8243; hover_enabled=&#8221;0&#8243; url=&#8221;https://congresomasculinidades2.umh.es/ca/&#8221;][/et_pb_image][/et_pb_column][/et_pb_row][/et_pb_section][et_pb_section fb_built=&#8221;1&#8243; fullwidth=&#8221;on&#8221; _builder_version=&#8221;4.2.2&#8243;][et_pb_fullwidth_menu menu_id=&#8221;7135&#8243; fullwidth_menu=&#8221;off&#8221; active_link_color=&#8221;#E76996&#8243; _builder_version=&#8221;4.2.2&#8243; menu_font=&#8221;|700||on|||||&#8221; menu_text_color=&#8221;#FFFFFF&#8221; menu_font_size=&#8221;14pt&#8221; background_color=&#8221;#3A3B3D&#8221; text_orientation=&#8221;center&#8221; border_color_all=&#8221;#E02B20&#8243; border_width_all__hover_enabled=&#8221;off|hover&#8221; menu_text_color__hover_enabled=&#8221;on|hover&#8221; menu_text_color__hover=&#8221;#E76996&#8243;][/et_pb_fullwidth_menu][/et_pb_section][et_pb_section fb_built=&#8221;1&#8243; _builder_version=&#8221;3.22&#8243;][et_pb_row _builder_version=&#8221;3.25&#8243; background_size=&#8221;initial&#8221; background_position=&#8221;top_left&#8221; background_repeat=&#8221;repeat&#8221;][et_pb_column type=&#8221;4_4&#8243; _builder_version=&#8221;3.25&#8243; custom_padding=&#8221;|||&#8221; custom_padding__hover=&#8221;|||&#8221;][et_pb_text _builder_version=&#8221;4.2.2&#8243; background_size=&#8221;initial&#8221; background_position=&#8221;top_left&#8221; background_repeat=&#8221;repeat&#8221; custom_margin=&#8221;||-17px|||&#8221; custom_padding=&#8221;||0px|0px||&#8221;]</p>
<h1 style="color: #324c20; text-align: center;"><span style="color: #000000;"><b>OBJECTIUS:</b></span></h1>
<p>&nbsp;[/et_pb_text][et_pb_divider show_divider=&#8221;off&#8221; _builder_version=&#8221;4.2.2&#8243;][/et_pb_divider][et_pb_text _builder_version=&#8221;4.2.2&#8243; text_font_size=&#8221;16px&#8221; background_size=&#8221;initial&#8221; background_position=&#8221;top_left&#8221; background_repeat=&#8221;repeat&#8221; custom_padding=&#8221;|||30px||&#8221;]</p>
<ul style="text-align: justify;">
<li style="font-weight: 400; text-align: justify;"><span style="font-weight: 400; color: #000000;">Analitzar la importància d&#8217;educar en igualtat de gènere i valors feministes els xiquets, adolescents, joves i adults homes per prevenir comportaments violents (contra xiquetes i dones, contra altres xiquets i homes, i contra ells mateixos), conductes de risc que es produeixen i perpetuen per la socialització sexista-masclista i els mandats de gènere masculí hegemònics que existeixen encara avui dia.</span></li>
<li style="font-weight: 400; text-align: justify;"><span style="font-weight: 400; color: #000000;">Interpel·lar els diversos agents socialitzadors com ara els mitjans de comunicació, a introduir la perspectiva de gènere i la mirada feminista i enfocar-se a incorporar els homes a la lluita per la igualtat i a presentar referents de masculinitats proigualitàries.</span></li>
<li style="font-weight: 400; text-align: justify;"><span style="font-weight: 400; color: #000000;">Donar a conèixer propostes i eines coeducatives per implementar el treball amb xiquets, nois i adults en pro de la consecució de la igualtat efectiva.</span></li>
<li style="font-weight: 400; text-align: justify;"><span style="font-weight: 400; color: #000000;">Connectar i impulsar la recerca en masculinitats que produïsca resultats aplicables socioeducativament a fi d&#8217;aconseguir unes masculinitats igualitàries com a estratègia de transformació social.</span></li>
<li style="font-weight: 400; text-align: justify;"><span style="font-weight: 400; color: #000000;">Conèixer els enfocaments, projectes, estudis teòrics, treballs empírics i publicacions més actuals en l&#8217;àmbit acadèmic i professional educatiu que tracten la qüestió masculina i la coeducació.</span></li>
<li style="font-weight: 400; text-align: justify;"><span style="font-weight: 400; color: #000000;">Ofrecer propuestas interseccionales de trabajo coeducativo que faciliten la deconstrucción de la masculinidad patriarcal, violenta, competitiva, con esas características más nocivas y tóxicas de la identidad de los hombres aún dominante del modelo tradicional que invite a transitar hacia otros modelos profeministas y respetuosos con las diversidades sociales.Oferir propostes interseccionals de treball coeducatiu que faciliten la desconstrucció de la masculinitat patriarcal, violenta, competitiva, amb aquestes característiques més nocives i tòxiques de la identitat dels homes encara dominant del model tradicional que convide a transitar cap a altres models profeministes i respectuosos amb les diversitats socials.</span></li>
<li style="font-weight: 400; text-align: justify;"><span style="font-weight: 400; color: #000000;">Facilitar el professorat, les persones responsables als centres educatius dels temes d‟igualtat i els equips directius de centres educatius, estratègies, propostes i bones pràctiques d‟experiències per incorporar transversalment la qüestió de les masculinitats igualitàries a la programació de centre, la docència, el Pla d’acció tutorial i el consell escolar.</span></li>
<li style="font-weight: 400; text-align: justify;"><span style="font-weight: 400; color: #000000;">Involucrar i formar els agents de la comunitat educativa en els seus diversos nivells, sobre la necessitat i la importància del treball coeducatiu enfocat als xiquets, adolescents i joves homes en la consecució de la igualtat entre gèneres.</span></li>
<li style="font-weight: 400; text-align: justify;"><span style="font-weight: 400; color: #000000;">Aportar materials, eines i processos coeducatius centrats en la qüestió masculina, amb perspectiva de gènere per a les aules, les famílies, els mitjans de comunicació i la societat en general, que permeten educar els homes de manera no masclista, no patriarcal, no androcèntrica, i igualitària.</span></li>
<li style="font-weight: 400; text-align: justify;"><span style="font-weight: 400; color: #000000;">Afavorir la creació de xarxes interuniversitàries, intercentres i interinstitucionals d&#8217;estudis de coeducació en masculinitats proigualitàries a nivell estatal i internacional.</span></li>
</ul>
<p style="text-align: justify;">[/et_pb_text][/et_pb_column][/et_pb_row][/et_pb_section][et_pb_section fb_built=&#8221;1&#8243; _builder_version=&#8221;4.2.2&#8243;][et_pb_row _builder_version=&#8221;4.2.2&#8243;][et_pb_column type=&#8221;4_4&#8243; _builder_version=&#8221;4.2.2&#8243;][/et_pb_column][/et_pb_row][/et_pb_section]</p>

<p>OBJECTIUS: &nbsp; Analitzar la importància d&#8217;educar en igualtat de gènere i valors feministes els xiquets, adolescents, joves i adults homes per prevenir comportaments violents (contra xiquetes i dones, contra altres xiquets i homes, i contra ells mateixos), conductes de risc que es produeixen i perpetuen per la socialització sexista-masclista i els mandats de gènere masculí [&hellip;]</p>

<!-- This site is optimized with the Yoast SEO plugin v17.5 - https://yoast.com/wordpress/plugins/seo/ -->
<title>OBJECTIUS - CIMASCIGUAL II</title>
<meta name="robots" content="index, follow, max-snippet:-1, max-image-preview:large, max-video-preview:-1" />
<link rel="canonical" href="https://congresomasculinidades2.umh.es/ca/objetivos/" />
<meta property="og:locale" content="ca_ES" />
<meta property="og:type" content="article" />
<meta property="og:title" content="OBJECTIUS - CIMASCIGUAL II" />
<meta property="og:description" content="OBJECTIUS: &nbsp; Analitzar la importància d&#039;educar en igualtat de gènere i valors feministes els xiquets, adolescents, joves i adults homes per prevenir comportaments violents (contra xiquetes i dones, contra altres xiquets i homes, i contra ells mateixos), conductes de risc que es produeixen i perpetuen per la socialització sexista-masclista i els mandats de gènere masculí [&hellip;]" />
<meta property="og:url" content="https://congresomasculinidades2.umh.es/ca/objetivos/" />
<meta property="og:site_name" content="CIMASCIGUAL II" />
<meta property="article:modified_time" content="2022-04-06T06:24:00+00:00" />
<meta name="twitter:card" content="summary_large_image" />
<meta name="twitter:label1" content="Temps estimat de lectura" />
	<meta name="twitter:data1" content="4 minuts" />
<script type="application/ld+json" class="yoast-schema-graph">{"@context":"https://schema.org","@graph":[{"@type":"WebSite","@id":"https://congresomasculinidades2.umh.es/#website","url":"https://congresomasculinidades2.umh.es/","name":"CIMASCIGUAL II","description":"Universidad Miguel Hern\u00e1ndez de Elche","potentialAction":[{"@type":"SearchAction","target":{"@type":"EntryPoint","urlTemplate":"https://congresomasculinidades2.umh.es/?s={search_term_string}"},"query-input":"required name=search_term_string"}],"inLanguage":"ca"},{"@type":"WebPage","@id":"https://congresomasculinidades2.umh.es/ca/objetivos/#webpage","url":"https://congresomasculinidades2.umh.es/ca/objetivos/","name":"OBJECTIUS - CIMASCIGUAL II","isPartOf":{"@id":"https://congresomasculinidades2.umh.es/#website"},"datePublished":"2022-03-09T12:21:26+00:00","dateModified":"2022-04-06T06:24:00+00:00","breadcrumb":{"@id":"https://congresomasculinidades2.umh.es/ca/objetivos/#breadcrumb"},"inLanguage":"ca","potentialAction":[{"@type":"ReadAction","target":["https://congresomasculinidades2.umh.es/ca/objetivos/"]}]},{"@type":"BreadcrumbList","@id":"https://congresomasculinidades2.umh.es/ca/objetivos/#breadcrumb","itemListElement":[{"@type":"ListItem","position":1,"name":"Portada","item":"https://congresomasculinidades2.umh.es/ca/"},{"@type":"ListItem","position":2,"name":"OBJECTIUS"}]}]}</script>
<!-- / Yoast SEO plugin. -->

OBJECTIUS: &nbsp; Analitzar la importància d'educar en igualtat de gènere i valors feministes els xiquets, adolescents, joves i adults homes per prevenir comportaments violents (contra xiquetes i dones, contra altres xiquets i homes, i contra ells mateixos), conductes de risc que es produeixen i perpetuen per la socialització sexista-masclista i els mandats de gènere masculí [&hellip;]

Universidad Miguel Hernández de Elche
